{"id":4087,"date":"2017-12-05T11:40:32","date_gmt":"2017-12-05T11:40:32","guid":{"rendered":"https:\/\/www.conscremona.it\/erasmus-2\/"},"modified":"2020-05-17T13:50:39","modified_gmt":"2020-05-17T13:50:39","slug":"erasmus-2","status":"publish","type":"page","link":"https:\/\/www.conscremona.it\/en\/erasmus-2\/","title":{"rendered":"Erasmus+"},"content":{"rendered":"<p><strong><img decoding=\"async\" class=\"alignleft size-full wp-image-3236\" src=\"http:\/\/www.conscremona.it\/site\/wp-content\/uploads\/2017\/10\/logo-erasmus.png\" alt=\"logo-erasmus\" width=\"150\" height=\"100\" \/><\/strong><\/p>\n<p>Welcome to the Monteverdi Institute\u2019s international page.\u00a0This section is dedicated to the study and international mobility.<\/p>\n<p><a href=\"mailto:international@istitutomonteverdi.it\">international@istitutomonteverdi.it<\/a><\/p>\n<p><strong>\u00a0<\/strong><\/p>\n<h4><\/h4>\n<h3>Partner Institutions<\/h3>\n<p><strong>Austria<\/strong><\/p>\n<p><a href=\"http:\/\/www.muk.ac.at\/en\/home.html\">Music and Arts University of the City of Vienna<\/a><\/p>\n<p><strong>Estonia<\/strong><\/p>\n<p><a href=\"http:\/\/www.ema.edu.ee\/en\">Estonian Academy of Music and Theatre &#8211; Tallinn, Estonia<\/a><\/p>\n<p><strong>France<\/strong><\/p>\n<p><a href=\"https:\/\/www.esmd.fr\/?lang=fr\">ESMD &#8211; \u00c9cole Sup\u00e9rieure de Musique et Danse Haut de France<\/a><\/p>\n<p><a href=\"https:\/\/www.esmbourgognefranchecomte.fr\/\">ESM &#8211; \u00c9cole Sup\u00e9rieure de Musique Bourgogne-Franche-Comt\u00e9\u00a0\u00a0<\/a><\/p>\n<p><strong>Germany<\/strong><\/p>\n<p><a href=\"https:\/\/www.musik.uni-mainz.de\">Hochschule f\u00fcr Musik Mainz<\/a><\/p>\n<p><strong>Iceland<\/strong><\/p>\n<p><a href=\"http:\/\/www.lhi.is\/en\/international\">Iceland University of the Arts &#8211;\u00a0Reykjav\u00edk, Iceland<\/a><\/p>\n<p><strong>Ireland<\/strong><\/p>\n<p><a href=\"http:\/\/www.riam.ie\">Royal Irish Academy of Music<\/a><\/p>\n<p><strong>Netherlands<\/strong><\/p>\n<p><a href=\"https:\/\/www.koncon.nl\/en\/about-kc\/royal-conservatoire\">University of the Arts, The Hague, Royal Conservatoire<\/a><\/p>\n<p><strong>Poland<\/strong><\/p>\n<p><a href=\"https:\/\/www.amuz.krakow.pl\/en\/erasmus\/aktualnosci\/\">Akademia Muzyczna &#8211; Krakow, Poland<\/a><\/p>\n<p><strong>Spain<\/strong><\/p>\n<p><a href=\"https:\/\/rcsmm.eu\">Real Conservatorio Superior de Musica de Madrid<\/a><\/p>\n<p><a href=\"https:\/\/csmvalencia.es\/\">Co<\/a><a href=\"https:\/\/csmvalencia.es\/\">nservatori Superior de M\u00fasica &#8220;Joaqu\u00edn Rodrigo&#8221; &#8211; Valencia, Spain<\/a><\/p>\n<p><a href=\"http:\/\/www.consmucan.es\/\">Conservatorio Superior de Musica de Canarias<\/a><\/p>\n<p><strong>Sweden<\/strong><\/p>\n<p><a href=\"https:\/\/www.kmh.se\/in-english.html\">Royal College of Music &#8211; Stockholm<\/a><\/p>\n<p>&nbsp;<\/p>\n<p>&nbsp;<\/p>\n<p>&nbsp;<\/p>\n<p>&nbsp;<\/p>\n<h5 class=\"r\"><\/h5>\n","protected":false},"excerpt":{"rendered":"<p>Welcome to the Monteverdi Institute\u2019s international page.\u00a0This section is dedicated to the study and international mobility. international@istitutomonteverdi.it \u00a0 Partner Institutions Austria Music and Arts University of the City of Vienna [&hellip;]<\/p>\n","protected":false},"author":4,"featured_media":0,"parent":0,"menu_order":0,"comment_status":"closed","ping_status":"closed","template":"","meta":{"_acf_changed":false,"footnotes":""},"class_list":["post-4087","page","type-page","status-publish","hentry"],"acf":[],"yoast_head":"<!-- This site is optimized with the Yoast SEO plugin v27.2 - https:\/\/yoast.com\/product\/yoast-seo-wordpress\/ -->\n<title>Erasmus+ - Conservatorio di Cremona<\/title>\n<meta name=\"robots\" content=\"index, follow, max-snippet:-1, max-image-preview:large, max-video-preview:-1\" \/>\n<link rel=\"canonical\" href=\"https:\/\/www.conscremona.it\/en\/erasmus-2\/\" \/>\n<meta property=\"og:locale\" content=\"en_US\" \/>\n<meta property=\"og:type\" content=\"article\" \/>\n<meta property=\"og:title\" content=\"Erasmus+ - Conservatorio di Cremona\" \/>\n<meta property=\"og:description\" content=\"Welcome to the Monteverdi Institute\u2019s international page.\u00a0This section is dedicated to the study and international mobility. international@istitutomonteverdi.it \u00a0 Partner Institutions Austria Music and Arts University of the City of Vienna [&hellip;]\" \/>\n<meta property=\"og:url\" content=\"https:\/\/www.conscremona.it\/en\/erasmus-2\/\" \/>\n<meta property=\"og:site_name\" content=\"Conservatorio di Cremona\" \/>\n<meta property=\"article:modified_time\" content=\"2020-05-17T13:50:39+00:00\" \/>\n<meta property=\"og:image\" content=\"http:\/\/www.conscremona.it\/site\/wp-content\/uploads\/2017\/10\/logo-erasmus.png\" \/>\n<meta name=\"twitter:card\" content=\"summary_large_image\" \/>\n<meta name=\"twitter:label1\" content=\"Est. reading time\" \/>\n\t<meta name=\"twitter:data1\" content=\"1 minute\" \/>\n<script type=\"application\/ld+json\" class=\"yoast-schema-graph\">{\"@context\":\"https:\/\/schema.org\",\"@graph\":[{\"@type\":\"WebPage\",\"@id\":\"https:\/\/www.conscremona.it\/en\/erasmus-2\/\",\"url\":\"https:\/\/www.conscremona.it\/en\/erasmus-2\/\",\"name\":\"Erasmus+ - Conservatorio di Cremona\",\"isPartOf\":{\"@id\":\"https:\/\/www.conscremona.it\/#website\"},\"primaryImageOfPage\":{\"@id\":\"https:\/\/www.conscremona.it\/en\/erasmus-2\/#primaryimage\"},\"image\":{\"@id\":\"https:\/\/www.conscremona.it\/en\/erasmus-2\/#primaryimage\"},\"thumbnailUrl\":\"http:\/\/www.conscremona.it\/site\/wp-content\/uploads\/2017\/10\/logo-erasmus.png\",\"datePublished\":\"2017-12-05T11:40:32+00:00\",\"dateModified\":\"2020-05-17T13:50:39+00:00\",\"breadcrumb\":{\"@id\":\"https:\/\/www.conscremona.it\/en\/erasmus-2\/#breadcrumb\"},\"inLanguage\":\"en-US\",\"potentialAction\":[{\"@type\":\"ReadAction\",\"target\":[\"https:\/\/www.conscremona.it\/en\/erasmus-2\/\"]}]},{\"@type\":\"ImageObject\",\"inLanguage\":\"en-US\",\"@id\":\"https:\/\/www.conscremona.it\/en\/erasmus-2\/#primaryimage\",\"url\":\"http:\/\/www.conscremona.it\/site\/wp-content\/uploads\/2017\/10\/logo-erasmus.png\",\"contentUrl\":\"http:\/\/www.conscremona.it\/site\/wp-content\/uploads\/2017\/10\/logo-erasmus.png\"},{\"@type\":\"BreadcrumbList\",\"@id\":\"https:\/\/www.conscremona.it\/en\/erasmus-2\/#breadcrumb\",\"itemListElement\":[{\"@type\":\"ListItem\",\"position\":1,\"name\":\"Home\",\"item\":\"https:\/\/www.conscremona.it\/en\/\"},{\"@type\":\"ListItem\",\"position\":2,\"name\":\"Erasmus+\"}]},{\"@type\":\"WebSite\",\"@id\":\"https:\/\/www.conscremona.it\/#website\",\"url\":\"https:\/\/www.conscremona.it\/\",\"name\":\"Conservatorio Claudio Monteverdi di Cremona\",\"description\":\"Istituto Superiore di Studi Musicali &quot;Claudio Monteverdi&quot; di Cremona\",\"publisher\":{\"@id\":\"https:\/\/www.conscremona.it\/#organization\"},\"potentialAction\":[{\"@type\":\"SearchAction\",\"target\":{\"@type\":\"EntryPoint\",\"urlTemplate\":\"https:\/\/www.conscremona.it\/?s={search_term_string}\"},\"query-input\":{\"@type\":\"PropertyValueSpecification\",\"valueRequired\":true,\"valueName\":\"search_term_string\"}}],\"inLanguage\":\"en-US\"},{\"@type\":\"Organization\",\"@id\":\"https:\/\/www.conscremona.it\/#organization\",\"name\":\"Conservatorio Claudio Monteverdi di Cremona\",\"url\":\"https:\/\/www.conscremona.it\/\",\"logo\":{\"@type\":\"ImageObject\",\"inLanguage\":\"en-US\",\"@id\":\"https:\/\/www.conscremona.it\/#\/schema\/logo\/image\/\",\"url\":\"https:\/\/www.conscremona.it\/site\/wp-content\/uploads\/2023\/10\/Logo-ok-color-1.png\",\"contentUrl\":\"https:\/\/www.conscremona.it\/site\/wp-content\/uploads\/2023\/10\/Logo-ok-color-1.png\",\"width\":1920,\"height\":523,\"caption\":\"Conservatorio Claudio Monteverdi di Cremona\"},\"image\":{\"@id\":\"https:\/\/www.conscremona.it\/#\/schema\/logo\/image\/\"}}]}<\/script>\n<!-- \/ Yoast SEO plugin. -->","yoast_head_json":{"title":"Erasmus+ - Conservatorio di Cremona","robots":{"index":"index","follow":"follow","max-snippet":"max-snippet:-1","max-image-preview":"max-image-preview:large","max-video-preview":"max-video-preview:-1"},"canonical":"https:\/\/www.conscremona.it\/en\/erasmus-2\/","og_locale":"en_US","og_type":"article","og_title":"Erasmus+ - Conservatorio di Cremona","og_description":"Welcome to the Monteverdi Institute\u2019s international page.\u00a0This section is dedicated to the study and international mobility. international@istitutomonteverdi.it \u00a0 Partner Institutions Austria Music and Arts University of the City of Vienna [&hellip;]","og_url":"https:\/\/www.conscremona.it\/en\/erasmus-2\/","og_site_name":"Conservatorio di Cremona","article_modified_time":"2020-05-17T13:50:39+00:00","og_image":[{"url":"http:\/\/www.conscremona.it\/site\/wp-content\/uploads\/2017\/10\/logo-erasmus.png","type":"","width":"","height":""}],"twitter_card":"summary_large_image","twitter_misc":{"Est. reading time":"1 minute"},"schema":{"@context":"https:\/\/schema.org","@graph":[{"@type":"WebPage","@id":"https:\/\/www.conscremona.it\/en\/erasmus-2\/","url":"https:\/\/www.conscremona.it\/en\/erasmus-2\/","name":"Erasmus+ - Conservatorio di Cremona","isPartOf":{"@id":"https:\/\/www.conscremona.it\/#website"},"primaryImageOfPage":{"@id":"https:\/\/www.conscremona.it\/en\/erasmus-2\/#primaryimage"},"image":{"@id":"https:\/\/www.conscremona.it\/en\/erasmus-2\/#primaryimage"},"thumbnailUrl":"http:\/\/www.conscremona.it\/site\/wp-content\/uploads\/2017\/10\/logo-erasmus.png","datePublished":"2017-12-05T11:40:32+00:00","dateModified":"2020-05-17T13:50:39+00:00","breadcrumb":{"@id":"https:\/\/www.conscremona.it\/en\/erasmus-2\/#breadcrumb"},"inLanguage":"en-US","potentialAction":[{"@type":"ReadAction","target":["https:\/\/www.conscremona.it\/en\/erasmus-2\/"]}]},{"@type":"ImageObject","inLanguage":"en-US","@id":"https:\/\/www.conscremona.it\/en\/erasmus-2\/#primaryimage","url":"http:\/\/www.conscremona.it\/site\/wp-content\/uploads\/2017\/10\/logo-erasmus.png","contentUrl":"http:\/\/www.conscremona.it\/site\/wp-content\/uploads\/2017\/10\/logo-erasmus.png"},{"@type":"BreadcrumbList","@id":"https:\/\/www.conscremona.it\/en\/erasmus-2\/#breadcrumb","itemListElement":[{"@type":"ListItem","position":1,"name":"Home","item":"https:\/\/www.conscremona.it\/en\/"},{"@type":"ListItem","position":2,"name":"Erasmus+"}]},{"@type":"WebSite","@id":"https:\/\/www.conscremona.it\/#website","url":"https:\/\/www.conscremona.it\/","name":"Conservatorio Claudio Monteverdi di Cremona","description":"Istituto Superiore di Studi Musicali &quot;Claudio Monteverdi&quot; di Cremona","publisher":{"@id":"https:\/\/www.conscremona.it\/#organization"},"potentialAction":[{"@type":"SearchAction","target":{"@type":"EntryPoint","urlTemplate":"https:\/\/www.conscremona.it\/?s={search_term_string}"},"query-input":{"@type":"PropertyValueSpecification","valueRequired":true,"valueName":"search_term_string"}}],"inLanguage":"en-US"},{"@type":"Organization","@id":"https:\/\/www.conscremona.it\/#organization","name":"Conservatorio Claudio Monteverdi di Cremona","url":"https:\/\/www.conscremona.it\/","logo":{"@type":"ImageObject","inLanguage":"en-US","@id":"https:\/\/www.conscremona.it\/#\/schema\/logo\/image\/","url":"https:\/\/www.conscremona.it\/site\/wp-content\/uploads\/2023\/10\/Logo-ok-color-1.png","contentUrl":"https:\/\/www.conscremona.it\/site\/wp-content\/uploads\/2023\/10\/Logo-ok-color-1.png","width":1920,"height":523,"caption":"Conservatorio Claudio Monteverdi di Cremona"},"image":{"@id":"https:\/\/www.conscremona.it\/#\/schema\/logo\/image\/"}}]}},"_links":{"self":[{"href":"https:\/\/www.conscremona.it\/en\/wp-json\/wp\/v2\/pages\/4087","targetHints":{"allow":["GET"]}}],"collection":[{"href":"https:\/\/www.conscremona.it\/en\/wp-json\/wp\/v2\/pages"}],"about":[{"href":"https:\/\/www.conscremona.it\/en\/wp-json\/wp\/v2\/types\/page"}],"author":[{"embeddable":true,"href":"https:\/\/www.conscremona.it\/en\/wp-json\/wp\/v2\/users\/4"}],"replies":[{"embeddable":true,"href":"https:\/\/www.conscremona.it\/en\/wp-json\/wp\/v2\/comments?post=4087"}],"version-history":[{"count":5,"href":"https:\/\/www.conscremona.it\/en\/wp-json\/wp\/v2\/pages\/4087\/revisions"}],"predecessor-version":[{"id":7521,"href":"https:\/\/www.conscremona.it\/en\/wp-json\/wp\/v2\/pages\/4087\/revisions\/7521"}],"wp:attachment":[{"href":"https:\/\/www.conscremona.it\/en\/wp-json\/wp\/v2\/media?parent=4087"}],"curies":[{"name":"wp","href":"https:\/\/api.w.org\/{rel}","templated":true}]}}

<p><strong><img decoding="async" class="alignleft size-full wp-image-3236" src="http://www.conscremona.it/site/wp-content/uploads/2017/10/logo-erasmus.png" alt="logo-erasmus" width="150" height="100" /></strong></p>
<p>Welcome to the Monteverdi Institute’s international page. This section is dedicated to the study and international mobility.</p>
<p><a href="mailto:international@istitutomonteverdi.it">international@istitutomonteverdi.it</a></p>
<p><strong> </strong></p>
<h4></h4>
<h3>Partner Institutions</h3>
<p><strong>Austria</strong></p>
<p><a href="http://www.muk.ac.at/en/home.html">Music and Arts University of the City of Vienna</a></p>
<p><strong>Estonia</strong></p>
<p><a href="http://www.ema.edu.ee/en">Estonian Academy of Music and Theatre &#8211; Tallinn, Estonia</a></p>
<p><strong>France</strong></p>
<p><a href="https://www.esmd.fr/?lang=fr">ESMD &#8211; École Supérieure de Musique et Danse Haut de France</a></p>
<p><a href="https://www.esmbourgognefranchecomte.fr/">ESM &#8211; École Supérieure de Musique Bourgogne-Franche-Comté  </a></p>
<p><strong>Germany</strong></p>
<p><a href="https://www.musik.uni-mainz.de">Hochschule für Musik Mainz</a></p>
<p><strong>Iceland</strong></p>
<p><a href="http://www.lhi.is/en/international">Iceland University of the Arts &#8211; Reykjavík, Iceland</a></p>
<p><strong>Ireland</strong></p>
<p><a href="http://www.riam.ie">Royal Irish Academy of Music</a></p>
<p><strong>Netherlands</strong></p>
<p><a href="https://www.koncon.nl/en/about-kc/royal-conservatoire">University of the Arts, The Hague, Royal Conservatoire</a></p>
<p><strong>Poland</strong></p>
<p><a href="https://www.amuz.krakow.pl/en/erasmus/aktualnosci/">Akademia Muzyczna &#8211; Krakow, Poland</a></p>
<p><strong>Spain</strong></p>
<p><a href="https://rcsmm.eu">Real Conservatorio Superior de Musica de Madrid</a></p>
<p><a href="https://csmvalencia.es/">Co</a><a href="https://csmvalencia.es/">nservatori Superior de Música &#8220;Joaquín Rodrigo&#8221; &#8211; Valencia, Spain</a></p>
<p><a href="http://www.consmucan.es/">Conservatorio Superior de Musica de Canarias</a></p>
<p><strong>Sweden</strong></p>
<p><a href="https://www.kmh.se/in-english.html">Royal College of Music &#8211; Stockholm</a></p>
<p>&nbsp;</p>
<p>&nbsp;</p>
<p>&nbsp;</p>
<p>&nbsp;</p>
<h5 class="r"></h5>
